= -x + 1. Let p(y) = 8*y - 4. Let o(v) = 6*c(v) + p(v). Suppose 0 = -0*m + 2*m + 4. Let t(z) = m*k(z) + o(z). Give t(2).
-2
Let p(x) = -6*x**3 - 1. Let c = 4 - -1. Suppose c - 28 = -2*q - 5*v, -3*v + 21 = 3*q. Suppose 0 = 4*n + q. Give p(n).
5
Suppose -2 = 3*l + 1, -l + 5 = -3*u. Let d(z) = 3*z - 2. Let q(f) = -9*f + 6. Let k(j) = 7*d(j) + 2*q(j). Calculate k(u).
-8
Let b(h) = -9*h - 6. Let p(c) = -3*c - 5*c - 3 - 2. Let s(d) = 5*b(d) - 6*p(d). Determine s(5).
15
Let p(m) be the third derivative of -m**4/4 + m**3/6 - m**2. Let q(w) = w**3 + 3*w**2 - 2. Let f be q(-2). What is p(f)?
-11
Let b be -2 - (0/(-2) + 2). Let s(j) = -j**3 - 3*j**2 + 5*j + 3. Let u be s(b). Let m(g) = 5 - 2 - 2 + 5*g**2 + 2*g. Give m(u).
4
Let y(a) = 3*a - 12. Let c be y(5). Let f(q) = -q - 2. What is f(c)?
-5
Let k = -19 + 21. Let s(o) = -4*o**2 + 3*o + 1. Let c(i) = 4 - 2 - i**2 - 6*i**2 + 5*i. Let m(r) = -3*c(r) + 5*s(r). Give m(k).
3
Suppose 2*c = -2*c + 16. Let v(m) = -3*m + c*m - 2*m + 0*m**2 + m**3 - 2*m**2. What is v(-1)?
-2
Let u(v) = -2*v - 5. Let y be (-6)/27 + ((-86)/(-9))/(-2). Calculate u(y).
5
Let r(p) be the first derivative of -1/3*p**3 - 3 - p + 5/2*p**2. Calculate r(5).
-1
Let f = -10 - -12. Suppose -5*y + 10 = -5. Let u(s) = -s + 5*s**2 + 2*s**3 + f*s**3 - y*s**3. Calculate u(-5).
5
Let u(w) = -w - 3 + 6 - 1. Let t be (1*(2 - 10))/1. Let m be 26/7 - t/28. Determine u(m).
-2
Let w(d) = -d - 1 + 0 - 10*d**2 + 5*d**2 + 7*d**2. Let z = 0 + 3. Let g = 5 - z. What is w(g)?
5
Suppose -3*z = l - 10, -3*z - 30 = -5*z + 4*l. Let a(p) be the third derivative of 1/4*p**4 + 0 + 0*p - 2*p**2 + 1/60*p**z + 5/6*p**3. Calculate a(-5).
0
Let q(l) be the second derivative of -l**5/20 - l**4/3 - 3*l**2/2 + 4*l. Let p(h) = -h**2. Let r be p(-2). Determine q(r).
-3
Let l(a) = -2*a - 3. Let b(h) = -3*h - 7. Let n(o) = -3*b(o) + 5*l(o). What is n(3)?
3
Let q(u) = -u**3 + 21*u**2 - u + 20. Let s be q(21). Let a(t) = 15*t**2 + t. Calculate a(s).
14
Suppose 0 = 3*d + 3, -3*d = 2*m + 2 - 1. Let z(r) = -6*r**2 - 1 + r + 2*r - r. What is z(m)?
-5
Suppose 0 = 3*n + z - 8, -4*n + z + 20 = -0*z. Suppose 2*o = n*p, 3*p = -p - 2*o. Let x(f) = -2 + 4*f**2 - 5*f**2 - f + 6. Calculate x(p).
4
Let i(x) = -3*x - 1. Suppose -h - 1 = -5. Let v be (-9)/h + 4/16. Determine i(v).
5
Suppose -3*r = -4*r - 4. Let k(c) = c**3 + 5*c**2 + 4*c - 3. Let m be k(r). Let s(u) = -2*u**2 - 5*u - 2. Determine s(m).
-5
Let l be (-3)/6*(1 - 1). Suppose l = -2*r, -4*i + 2*r - 1 + 17 = 0. Let m(x) = -1 + i*x**2 - 5*x**2 + 2*x**2 - 2. Determine m(0).
-3
Let g(v) = -3*v - 8*v + 15*v - 1 - 8*v. Determine g(1).
-5
Suppose 5*v + 5*m + 5 = 0, 0*v + v - 5 = 5*m. Suppose 9 = -3*y - v. Let h(i) = i**3 + 2*i**2 - 4*i - 1. Calculate h(y).
2
Suppose -2*z + 11 = 11. Let f(l) = l**3 + l**2 + l + 17. What is f(z)?
17
Suppose t - 2 = 1. Let r(k) be the first derivative of 1/2*k**2 - 1/4*k**4 + 4/3*k**3 - 2 - 2*k. What is r(t)?
10
Let m(w) = w**3 + w**2 + w + 7. Let r(n) = -n**3 - 8*n**2 - 8*n - 1. Let g be r(-7). Suppose 0 = 3*h - g*h. What is m(h)?
7
Suppose -m - 2 = 5*l, -2*l = -3*m + 2*m - 2. Let z(y) = -y - 7. Calculate z(l).
-7
Let l(i) = i + 1. Let n be -1 - ((-8)/2 + 2). Let v(p) = p. Let c(y) = n*l(y) - 2*v(y). Let w be (4 - 3)/((-1)/4). Determine c(w).
5
Let s(u) = -1. Let o(q) = 2*q. Let k(f) = -o(f) + 5*s(f). What is k(5)?
-15
Let o(g) = -g**3 - g**2 - g + 2. Let p be o(0). Let v(i) = 2*i**2 - p*i**2 + 1 + 1 + 4*i + i**2. What is v(-4)?
2
Let n(j) be the first derivative of 1/2*j**2 + 4 + 6*j. What is n(-5)?
1
Let j(r) be the first derivative of r**2/2 + 2*r + 22. Give j(-8).
-6
Let y(z) = -z**3 - z - 1. Let c(x) = -2*x**3 + 7*x**2 - 7*x + 6. Let a(s) = -c(s) + y(s). Calculate a(6).
-7
Suppose -2*q - c + 6 = c, -25 = -5*q + 5*c. Suppose -q*i = -6 - 14. Let h(m) = -2*m - 4 - m**3 + 0*m + 6*m**2 - m. Determine h(i).
6
Let q(i) = -2*i**2 - 1. Let v = -8 - -16. Let a be (-2)/(-4) - (-4)/v. Determine q(a).
-3
Let o be ((-10)/9)/(10/(-45)). Let q(g) = -3*g + 4*g - 1 - 3. Calculate q(o).
1
Suppose 0 = -5*a - 2 - 3. Let h be 2 + (a - 0/(-2)). Let r(f) = -1 + 2*f**2 - h + 3*f - 3*f**2. Determine r(3).
-2
Let b(s) = -10*s - 8 + s**3 - s + 6*s**2 + 3*s. Let u be 3 + -3 + (-7)/1. Let t be b(u). Let g(y) = y**2 + 2*y + 1. Calculate g(t).
0
Let s(x) = -x**3 + 4*x**2 + 5. Let j be s(4). Let g(f) be the third derivative of 0 - 1/2*f**3 + 0*f - f**2 + 1/12*f**4. Give g(j).
7
Let w(t) be the third derivative of -t**5/60 + 5*t**4/12 + t**3 - 8*t**2. Calculate w(10).
6
Let c(b) be the third derivative of -b**6/120 - b**5/20 + b**4/4 + b**3/3 + 8*b**2. Give c(-4).
-6
Let x(g) = -g**3 + 2*g**2 - 2*g + 2. Let y(l) = l**3 - l + 2. Let b be y(1). Determine x(b).
-2
Let c(u) be the first derivative of -1/3*u**3 - u**2 + 2 - 6*u. Calculate c(-4).
-14
Let m(n) = -n**2 - 3. Let k = -16 + 21. Suppose -g + k = 8. Determine m(g).
-12
Let o(c) be the first derivative of 3*c**2/2 - c + 2. Calculate o(-1).
-4
Let y(v) be the second derivative of v**3/6 - 7*v**2/2 - 2*v + 32. Determine y(5).
-2
Suppose -3*y - 2*y + 10 = 0. Suppose -y*t + 5 = 5*b + 23, 4*b = 2*t + 36. Let f = t - -11. Let i(k) = 4*k + 4. Determine i(f).
-8
Let q(r) be the second derivative of r**5/20 - r**4/4 + r**3/3 + r**2 - 6*r. Determine q(2).
2
Let y = -167 + 167. Let g(m) = m**2 + m + 9. Determine g(y).
9
Let l(p) = 1 + 10*p + 2*p**2 + p**2 - 4*p**2. Determine l(10).
1
Suppose -5*f + y = 4*y - 23, 2*y = -4*f + 18. Let g(v) = -1 - f*v - 4*v + 6*v**2 + 6*v. Let r be (-9)/12 + (-1)/4. Give g(r).
7
Let y(f) = f + 1. Let i(v) = -2*v - 4. Let x(q) = -i(q) - 5*y(q). Let n(l) = l**3 + 6*l**2 - 1. Let z be n(-6). Give x(z).
2
Let l(g) be the second derivative of 5*g**4/12 - g**3/3 - 35*g. Give l(2).
16
Let n(z) = z + 2. Suppose -1 - 3 = -2*s. Suppose -2*g + 2*v + 2 = 4*v, 3*g = -s*v + 1. Give n(g).
1
Let a = 7 - 15. Let h(v) = -v - 7. Give h(a).
1
Let m(y) = 4 + 46*y - 47*y + 1. What is m(4)?
1
Let s(b) = 9*b - 6 + 1 - b**2 - 4*b + 0*b**2. Let q be s(4). Let w(y) = -4*y**2 - 3*y - 2. Let z(m) = m**2 - m - 1. Let u(j) = w(j) - 2*z(j). Give u(q).
-5
Let h be (27/(-5 - -2))/(2/2). Let i(g) = g**2 + 11*g - 5. Give i(h).
-23
Suppose -4*f - 1 - 11 = 4*n, -n = -f + 1. Let y(u) = -4*u + 1. What is y(f)?
5
Let k(b) be the third derivative of -b**6/720 - 11*b**5/120 + b**4/8 + 2*b**2. Let y(o) be the second derivative of k(o). Give y(-5).
-6
Suppose 4*p - z - 18 = 0, -2*p - 3*z + 14 = -6*z. Let s be (1/3)/((-2)/(-24)). Let t(x) = -4 - 2 - x + s. Calculate t(p).
-6
Let c = 136 - 128. Let x(d) = -d**3 + 7*d**2 + 6*d - 5. Calculate x(c).
-21
Let w be 34/14 - (-39)/(-91). Let g(z) = -6*z + 5. Let j(x) be the first derivative of -5*x**2/2 + 4*x - 1. Let p(b) = -6*g(b) + 7*j(b). Determine p(w).
0
Suppose 2*a - 2*s = 6, -s - 2 = 2*a - 5. Let q(t) = -t**2 + 5*t - 4. Let o be q(3). Let u(w) = 2*w**2 - w**o + w + 2 + 2*w - a*w. Give u(-2).
4
Let f(p) = -2*p - 4. Let q(w) = 8*w + 1. Let j be q(-2). Let v = -20 - j. Determine f(v).
6
Suppose r - 12 = -3*r. Let b(x) be the first derivative of r - x**3 - x**2 + 1/4*x**4 + 3*x. Calculate b(3).
-3
Let m = 7 + -4. Suppose 0 + m = w. Let a(c) be the first derivative of c**4/4 - 4*c**3/3 - 11. Calculate a(w).
-9
Let t(y) = 3*y - 2. Let m be t(2). Let k(u) be the first derivative of u**2 - 5 - u + 3 + 3. Give k(m).
7
Let b(m) be the second derivative of -m**3/6 - m**2 - 19*m. Calculate b(-4).
2
Let u(c) = -c**2 - 5*c + 3. Suppose t - 3*t - 12 = 0. What is u(t)?
-3
Let n be (-2)/3*3 + -2. Let y = n + -1. Let i(a) = 7 - 12 + 3 - a. Calculate i(y).
3
Let z(l) be the first derivative of -1/3*l**3 - 3*l**2 - 6 + 2*l. What is z(-6)?
2
Let i(b) be the first derivative of -b**3/3 - b**2 + 2*b + 1. Let p = 23 + -17. Let n be -2*((-9)/p - -3). Calculate i(n).
-1
Suppose -3*f = -f. Let d be 3 + -1 + f - 2. Let n(y) = y - 5. What is n(d)?
-5
Let p(f) = -9*f - 15. Let o(m) = 3*m + 5. Let c(d) = -8*o(d) - 3*p(d). Give c(-5).
-10
Let r = 167 + -170. Let h(c) = -c**2 - 7*c - 3. Give h(r).
9
Let w(p) = -p - 3. Suppose 0 = o - 4*o + 18. What is w(o)?
-9
Let i(z) = -5*z**2 - 5*z - 11. Let w(g) = 3*g**2 + 3*g + 6. Let m(u) = 4*i(u) + 7*w(u). Let s = -17 - -13. Calculate m(s).
10
Let q(r) = -r**3 - 7*r**2 - 2*r + 3. Let b(m) = m**3 + 8*m**2 + 3*m - 4. Let w(p) = -2*b(p) - 3*q(p). What